the remainder when 14 is divided by t?
6
Suppose -7*j = -3*j - 120. Suppose -p = j + 3. Let q = 46 + p. What is the remainder when 38 is divided by q?
12
Suppose 0 = -6*n + 706 + 236. What is the remainder when n is divided by 20?
17
Suppose -8*x + 3*x - 10 = 0. What is the remainder when 45 is divided by (x/(-5))/(3/120)?
13
Let h(f) be the third derivative of f**5/60 + 7*f**4/24 - f**3/2 + 2*f**2. Let i(x) = 4*x + 33. Calculate the remainder when i(-6) is divided by h(-8).
4
Suppose 2*z + 18 = -0*z - 2*j, 3*z = 4*j - 6. What is the remainder when (4/(-6))/(z/27) is divided by 2?
1
Let d = -5 - -12. Suppose -4*b = 12, u = 3*u + 5*b - 23. Calculate the remainder when u is divided by d.
5
Let h be 8 - (0 - 2 - -3). Suppose 3*z = h*z - 4. Calculate the remainder when z is divided by 1.
0
Suppose 0 = -3*o + 214 + 65. Suppose 5*r + 3*b = o, 52 = 6*r - 3*r - 2*b. Calculate the remainder when 35 is divided by r.
17
Let c be 2/13 + 185/65. Suppose 0 = c*b - 12 - 27. Suppose 23 = 5*l + 3. Calculate the remainder when b is divided by l.
1
Let o be (-36)/(-10) - (-6)/15. Suppose d + o*d - 20 = 0. Suppose -3 = 5*y - 58. Calculate the remainder when y is divided by d.
3
Let a = -14 + 26. Let u = 7 + -8. Let q = u + a. What is the remainder when 32 is divided by q?
10
Suppose -2*u + 44 = 12. Calculate the remainder when 12*(7/2 - 1) is divided by u.
14
Suppose 5*o + 68 - 98 = 0. Calculate the remainder when o is divided by 5.
1
Let l be 4 + 2*2/(-2). Suppose -l*j = -3*j + 11. What is the remainder when 20 is divided by j?
9
What is the remainder when (-51)/2*24/(-18) is divided by 6?
4
Let d(i) = -i**2 - i + 43. Let o be d(0). Suppose w - o = -2*u, 5*w + 2*u = u + 179. Calculate the remainder when w is divided by 18.
17
Suppose 6*h - 2*h - 8 = 0. Suppose -5*z + 4*o = -10, 2*o - 6 = -h*z - z. What is the remainder when 5 is divided by z*6/8*2?
2
Suppose 3*r - 4*l - 114 - 19 = 0, 0 = -4*r + 3*l + 175. What is the remainder when r is divided by 4?
3
Let u(y) = y**2 + 4*y - 6. Let s = 6 - 10. Calculate the remainder when u(-6) is divided by s*2/(2 + -4).
2
Let i = -13 + 28. What is the remainder when 44 is divided by i?
14
Let g = 1 + 12. Suppose 4*x - g = 2*i + 31, 11 = x - 2*i. What is the remainder when 21 is divided by x?
10
Let i = 47 - 32. Let m = -3 + 3. Suppose 0 = 4*q - m*q - 176. What is the remainder when q is divided by i?
14
Suppose 3*p - r = 6*p + 19, p - 4*r = 11. Let w = 0 - p. Calculate the remainder when 4/8 + 23/2 is divided by w.
2
Let d = 8 + -4. Calculate the remainder when 54 is divided by d.
2
Let m = 42 + -11. Calculate the remainder when m is divided by 16.
15
Suppose -4*g = 13 - 37. Suppose 2*u = a + g, -15 = -4*u + 4*a + 1. Suppose -5 = -0*b - b. What is the remainder when b is divided by u?
1
Let s = -3 - -3. Suppose 0 = -s*f + 5*f - 180. Let q = f - 24. Calculate the remainder when 35 is divided by q.
11
Let j be (-4)/(-10)*5/1. Suppose -2 = j*k - 66. Calculate the remainder when k is divided by (-34)/(-3)*9/6.
15
Let o = -17 - -19. Suppose -2*b - 3*b - x = -70, o*b = 5*x + 1. What is the remainder when 25 is divided by b?
12
Suppose 5*a = 32 + 158. Suppose y + 32 - 7 = -2*d, -3*d - a = 2*y. Calculate the remainder when 17 is divided by 6*d/(-9) - 2.
5
Let d(n) = 4*n**3 - 8*n**2 + n + 1. Let l(u) = -u**3 + u**2 - u - 1. Let o(w) = d(w) + 5*l(w). Calculate the remainder when 22 is divided by o(-3).
6
Let n(j) = j + 3. Let c be n(3). Let h(k) = -k**3 + 7*k**2 - 2*k + 4. Let r = 25 + -10. What is the remainder when h(c) is divided by r?
13
Suppose 283 = 5*u - 4*q, 0 = -5*q + 3 - 13. Suppose -u = -3*n - 2*n. Let t(s) = -32*s - 1. Calculate the remainder when t(-1) is divided by n.
9
Calculate the remainder when 74 is divided by (21/(-15) - -5) + 2/5.
2
Suppose 16*o - 10*o = 102. What is the remainder when o is divided by 5?
2
Let j = -69 + 213. What is the remainder when j is divided by 49?
46
Let f = 121 + -73. Calculate the remainder when f is divided by 10.
8
Let f = -3 + 14. Let l be 7 - (3 - (2 - -1)). Let g(y) = y - 3. Calculate the remainder when f is divided by g(l).
3
Calculate the remainder when (-10)/60 - (-883)/6 is divided by 37.
36
Suppose 3*k + 108 = 3*g, 19 = 5*k - 6. Calculate the remainder when g is divided by 14.
13
Let y(t) = 2*t**2 + 2*t + 2. Let x be y(-1). Suppose 0 = 4*h + 7*q - x*q - 79, -44 = -2*h - 4*q. What is the remainder when h is divided by 6?
4
Let y(v) = -3*v**3 - 3*v**2 + 2*v - 6. Calculate the remainder when y(-3) is divided by (-1)/((-2)/(-60)*-2).
12
What is the remainder when 37 is divided by (-6)/(((-108)/(-40))/(-9))?
17
Suppose 0 = -n - i - 1 + 10, -5*i = n - 21. Suppose 7*z - 240 = 2*z. Suppose 3*g - 6*g = -z. Calculate the remainder when g is divided by n.
4
Suppose 11*c - 52 = 7*c. What is the remainder when c is divided by 8?
5
Let o be (7/2)/((-1)/(-2)). Suppose 3 = 4*a + o. What is the remainder when 10 - (a + 3)*1 is divided by 5?
3
Let w = 56 - 25. Suppose -20 = 3*s - 5*z, -4*z + z = 3*s - 12. Suppose 11 + 1 = 2*l + 5*n, s = 5*l - n - 57. Calculate the remainder when w is divided by l.
9
Let c be 215/10 + (-2)/4. Let n be (0 - 1)/(3/c). Calculate the remainder when 32 is divided by (-6)/2 - 98/n.
10
Let a(i) = -i**2 + 2*i**2 + 2*i**2 + 8*i**2 - 3*i. Suppose -m + 5*m + 3 = -d, 0 = 4*m + 16. Calculate the remainder when a(2) is divided by d.
12
Let n(g) = -4*g - 2. Let b be n(-1). Suppose -4*l + 5*h + 58 = -68, 3*l - b*h = 98. What is the remainder when l is divided by 18?
16
Suppose 0 = r - 4 + 2. Let b(m) = m**3 - m**2 + 4*m - 4. Let y be b(4). Suppose -r*s = s - y. What is the remainder when s is divided by 7?
6
Suppose -5*f + 2 = -4*f. Suppose 4*n = 3*n - 4*q + 9, 4*n = -3*q + 10. Calculate the remainder when f is divided by n.
0
Suppose 5*n + 27 = k, -4*k + 60 = -2*n + 6. Let a(q) = -q**3 - 6*q**2 - q - 7. Let g be a(-6). What is the remainder when k is divided by 7/(g + 2/1)?
5
Suppose -4*w + 5*w - 18 = 0. What is the remainder when w is divided by 7?
4
Let m(f) = f**3 + 9*f**2 - f - 7. Let o be m(-9). Suppose 50 = o*z - 22. Let v = z + -22. What is the remainder when 26 is divided by v?
12
Suppose 3*c = b - 16 - 11, -5*b = -5*c - 175. What is the remainder when 153 is divided by b?
36
Let m = 68 - 60. What is the remainder when 18 is divided by m?
2
Suppose 4*c = 200 - 80. Calculate the remainder when 118 is divided by c.
28
Calculate the remainder when 23 is divided by (15 + -2)*(-8 + 9).
10
Calculate the remainder when 1*(25 - (-3 + 3)) is divided by 13.
12
Let s(c) = c**2 + 8*c - 3. Suppose -23 = -5*d - 63. Let n be s(d). What is the remainder when 23 is divided by 10 + (-1 - n*1)?
11
Let c = 113 + -158. Let j = c - -104. Calculate the remainder when j is divided by 20.
19
Calculate the remainder when 46 is divided by 2/(-3) - 190/(-15).
10
Calculate the remainder when ((-2)/(-4))/((-7)/(-644)) is divided by 25.
21
Suppose 4 = 6*w - 2*w. Let z = 10 - w. What is the remainder when 0 + 0 + 156/6 is divided by z?
8
Let l(h) = -3*h**2 - 21*h + 7. What is the remainder when 121 is divided by l(-6)?
21
Let q = 48 + -31. What is the remainder when q is divided by 9?
8
Let g = 32 + 7. What is the remainder when g is divided by 10?
9
Let m(g) = g**3 + 5 - 6*g**2 + g + g + 3*g. Let f be m(5). Let k(n) = -n**3 + 6*n**2 - 3*n + 6. What is the remainder when k(f) is divided by 6?
4
Suppose 0 = 4*u - u + 234. Let z = -55 - u. What is the remainder when 402/4*4/6 is divided by z?
21
Suppose 6 = -4*b + 38. Let g be 4 - 12/(0 - -3). Suppose g = -r + 23 - b. What is the remainder when 44 is divided by r?
14
Let m(s) = s**2 + 5*s - 1. Let p(l) = -l**3 - 8. Let o be p(0). What is the remainder when m(o) is divided by 13?
10
Let y be (-15)/(-12)*(-4)/(-1). Let l = 31 + y. Calculate the remainder when l is divided by 13.
10
Let r(f) = 2*f**3 - 2*f**2 + 3*f. Calculate the remainder when 39 is divided by r(2).
11
Suppose -5*y - 5*m + 12 = -18, -18 = -5*y - m. Suppose -2*v - 27 = -3*j - 5, -58 = -5*j - 2*v. What is the remainder when (-40)/6*(-12)/j is divided by y?
2
Suppose -1 + 11 = 5*n. Let l be (-8)/((-2)/6*n). Suppose -k = -l - 10. Calculate the remainder when k is divided by 12.
10
Let i(t) = 3*t - 1. Let q(j) = -7*j + 2. Let k(x) = 15*i(x) + 6*q(x). Suppose -u = g - 40, 30 = 5*u - 4*u - g.